 = n**2 + 6*n + 1. Let z be ((-28)/84)/(3/81). Calculate i(z).
28
Let q(u) = 2*u + 12. Let o be (-66)/(-18)*-3 - -3. Determine q(o).
-4
Let j(c) = 2*c + 5. Let o(u) = -15*u**3 - 2 - u + 3*u**2 + 14*u**3 + u. Let g be o(2). Suppose -6 = -3*r - 3*a, r = g*a + 3 + 8. Give j(r).
15
Let u = 6 - 4. Suppose -u*a = 3*a. Let t(v) = -67*v + a + 2 + 65*v. What is t(-2)?
6
Suppose -83*z + 87*z = 12. Let h(u) = 2*u + 2. Calculate h(z).
8
Let r(o) = o**3 - 6*o**2 - 12*o + 2. Let b be r(7). Let l = b + 30. Let d(w) = -6*w - 2. What is d(l)?
16
Suppose -169 - 67 = 4*y. Let a = 60 + y. Let o(z) = -z**2 + z + 1. Let v(d) = -7*d**2 + 7*d + 6. Let h(c) = -6*o(c) + v(c). Determine h(a).
0
Let m be 7/42 - (-46)/12. Suppose 3*c + 5*t + 0*t - 14 = 0, 0 = 4*t - m. Let o(u) = 138 + 2*u - 140 - 6*u + c*u. Calculate o(0).
-2
Let c(n) be the first derivative of n**3/3 + n**2/2 - 70*n - 36. Determine c(8).
2
Let j be 2 - (-5 + 0 + 1). Let q(l) = -5 + l**2 - 2*l**2 + l + j*l. Suppose 19*o - 48 = 11*o. Determine q(o).
1
Let n be 2*((-30)/4)/3. Let m = 72 - 65. Let h(f) = 11 - 4 - 8*f - 5*f**2 + m*f - 11 - f**3. What is h(n)?
1
Let w(i) = 7*i - 4. Let j(x) = x - 2. Let c(h) = 4*j(h) - w(h). Determine c(-4).
8
Let m(p) = -p - 11. Let k be (26/(-65))/(2/40). What is m(k)?
-3
Suppose 3 = -8*k + 43. Let q(h) = 5*h + k*h - 5*h - 6*h - 1. Determine q(0).
-1
Let w(h) = 2*h**2 + h. Let x = -139 - -205. Let z = x + -68. Determine w(z).
6
Let c(q) = 3*q - 2. Let o(h) = -2*h + 1. Suppose -8*r - 6 - 26 = 0. Let s(d) = r*o(d) - 3*c(d). What is s(5)?
-3
Let g(b) = 12*b + 13. Let n be g(-1). Let u(m) = -26*m. Calculate u(n).
-26
Let x be -3*1*14/6. Let h(c) = -c - 4. Let v be h(x). Let r(j) = -v - 4*j**2 - 3*j**2 + 8*j**2. Give r(-3).
6
Suppose 0 = 6*f - 8 + 44. Let w = 6 - 3. Let o(l) = l**2 + 0*l + l + 1 + w*l + 3*l. What is o(f)?
-5
Suppose -4*j + 4*p = -20, 2*p + 2*p + 10 = 2*j. Suppose -5*q - 16 = -q, -5*r = j*q + 170. Let d = r - -30. Let b(x) = x**3 + x**2 - x + 3. Give b(d).
3
Suppose 12*v - 24 = -0*v. Let m(q) = -5 + q**v + 3*q - 4*q + 2*q + 4 - 4*q**3. Give m(1).
-3
Let s(i) = 9*i**2 + 7*i + 9. Let w(z) = -75*z**2 - 56*z - 72. Let k(x) = -17*s(x) - 2*w(x). Determine k(-4).
-29
Suppose 2*k - d + 5 = 2*d, 15 = k + 2*d. Let q(c) = -2*c - 9. Calculate q(k).
-19
Let c(t) = -t**3 + 6*t**2 + t - 1. Let p(w) = -w + 3. Let r be p(-5). Suppose -r*g + g = -21. Suppose -n + 3 = -g. Calculate c(n).
5
Let j be 5*(-12 + (-110)/(-10)). Let g(r) = -4 + 4*r**3 + 7 - 3*r**3 - 6*r + 4*r**2. Calculate g(j).
8
Let m(y) be the third derivative of y**6/120 - y**5/60 + y**4/24 - 2*y**3/3 - 33*y**2 - 1. What is m(3)?
17
Suppose -46*m + 2 = 278. Let l(p) = -4*p - 28. What is l(m)?
-4
Let t(s) = s - 2. Let o be t(4). Let z be o + (2 + 1)/1. Suppose -z*b - 3 = 17. Let w(c) = -c**3 - 4*c**2 - 3*c - 6. Calculate w(b).
6
Let n = -241 - -259. Let y(w) = -2*w**2 + 37*w - 19. What is y(n)?
-1
Let s(n) = n**3 + 6*n**2 + 6*n - 5. Let i be s(-5). Let l = 11 + i. Let w(k) = -l - k - 2*k + 3*k + 2*k. What is w(5)?
9
Let j(h) be the second derivative of h**3/6 - 19*h. Let c be j(5). Let s(l) = -l**3 + 4*l**2 + 7*l - 3. Determine s(c).
7
Let i(q) = 48*q**2 - 17*q + 104. Let j(h) = 17*h**2 - 6*h + 35. Let y(s) = -6*i(s) + 17*j(s). Calculate y(-5).
-4
Let x(m) be the second derivative of -m**8/6720 - m**7/420 + m**5/120 + 5*m**4/3 - 6*m. Let f(r) be the third derivative of x(r). What is f(-6)?
1
Let y(u) = -3*u + 3. Let x be 7/(-2 + 0 + 3). Suppose -5*b - 4*t + 41 = -0*b, -4 = -4*b + 4*t. Suppose 5*a + 3*j - x = -0*j, b*j = -5. Determine y(a).
-3
Let q(w) = -w**2 + 10*w + 27. Let f be q(12). Suppose -3*d + 6 = -f. Let r(t) = 4*t + 1. Give r(d).
13
Let c(d) be the third derivative of d**5/15 + d**4/24 + d**2. Suppose 2*w + 4*o + 12 = -0, -4*o - 12 = 3*w. Suppose w = -2*h - 7 + 9. Calculate c(h).
5
Let l be 15/(2/(-1) + 3). Let p be (1 + (-3)/l)/(5/(-25)). Let d(s) = -s**3 - 5*s**2 - 2*s - 4. Determine d(p).
-12
Let c(i) = i**2 - 9*i + 13. Let b be c(8). Let o(l) = 7*l - b*l - 6*l. Calculate o(1).
-4
Let s(a) = -a**2 + 7*a - 6. Let t(v) = -9*v + 319. Let y be t(35). Give s(y).
6
Suppose 32*y - 17*y = -30. Let s(w) = w**2 + 2*w + 2. Determine s(y).
2
Let d(q) = 231*q**3 + 232*q**3 - 464*q**3 + 20*q - 19*q**2 - 13 - 5. Determine d(-20).
-18
Let w(b) = -15*b**2 + b**3 + 5*b + 6*b**2 + 3*b**2 + 4. Let t be 6 + 2 + (-3 - 0). Determine w(t).
4
Suppose 12*m + 11 = -30 - 19. Let s(c) = 7*c**3 + 6*c**2 + 7. Let p(l) = -6*l**3 - 6*l**2 - l - 6. Let k(g) = 6*p(g) + 5*s(g). Determine k(m).
4
Let a = -12 + 23. Suppose 15 + 29 = -a*r. Let c(f) = f + 3. Calculate c(r).
-1
Let c(q) be the third derivative of 0*q**3 - 38*q**2 - 1/20*q**5 + 0 + 0*q - 1/120*q**6 + 1/6*q**4. Calculate c(-4).
0
Let g = 207 - 205. Let d(k) = 4*k - 13*k + 6*k - 6*k - 1. Give d(g).
-19
Let y(k) = -2*k**3 + 8*k**2 + 8*k + 4. Let d(m) = m**3 - 8*m**2 - 10*m - 4. Let g(t) = -3*d(t) - 2*y(t). Determine g(-6).
-8
Let l(a) = -2*a**2 + 11*a + 17. Let j be 5 + (1/1)/(2 + -3). Let f(k) = -k**2 + 5*k + 8. Let r(c) = j*l(c) - 9*f(c). What is r(0)?
-4
Let m(b) = 47*b - 14*b - 29*b. Suppose 129 = 5*r + 9. Let k be ((-2)/4)/((-4)/r). Determine m(k).
12
Let v(i) = i**3 + 2*i**2 - 6*i - 2. Suppose -4*t - 5*j = -9, j = 2*t - 7 - 8. Let x be (8/t)/((-5)/15). Give v(x).
-10
Suppose -4*k + 18 = -2*z, -10 = -2*z - 6*k + 3*k. Let q(t) = 8*t**3 - t**2 - t. Determine q(z).
-8
Suppose 15 = 2*m - 3*i, -3*m + 40 = -0*i - i. Let g(k) = -27 - 5*k + 9 + m. Let d(q) = 6*q + 4. Let n(v) = 4*d(v) + 5*g(v). Calculate n(4).
-3
Let u(f) = 2 + 62*f**3 + 12*f - 61*f**3 + 5*f**2 - 9*f. Give u(-4).
6
Let h(i) = -i**2 - 8*i - 2 + 0 + 6. Give h(-4).
20
Let h(x) = x**3 - 5*x**2 - x + 6. Let y(q) = -9*q + 20*q + 5 - 6*q - q**2. Let n be y(5). Determine h(n).
1
Let z(y) = 21*y**3 - y. Suppose 3*f + 139 = 1. Let s = f + 47. Calculate z(s).
20
Let f(v) = -2*v + 44. Let u be f(19). Let c(m) = 3*m - 14. What is c(u)?
4
Let v(h) = 2*h**3 - 4*h**2 - 8*h - 12*h - 2 - 13*h + 38*h. What is v(3)?
31
Let h be 81/54*(-2)/3. Let g(j) = 34*j**2 - j. Give g(h).
35
Let f(v) be the first derivative of -v**3 - 13*v**2 + 9*v - 225. Calculate f(-9).
0
Let j(m) = m**3 + m**2 - 6*m - 3. Let o(q) = -5*q**2 - 5*q - 4. Let n be o(-1). Determine j(n).
-27
Let w(y) = y**3 + 8*y**2 - 10*y + 4. Suppose m + 17 = -3*a + a, 3*a = 2*m + 6. What is w(m)?
13
Let k(n) = -n**2 - 2*n + 6. Suppose 2*y = i + 10, -4*y + 16 + 4 = 4*i. Give k(i).
6
Let c(q) = -q**2 + 0 + 15 + 0*q**2 - 6 + 8*q + 6. Give c(10).
-5
Let n(g) = -g**3 + 9*g**2 + 11*g - 8. Let r be n(7). Let v(o) = -332*o + 1 + r*o + 166*o. Suppose t + a + 9 - 1 = 0, 0 = -3*t - a - 18. What is v(t)?
-4
Let o(p) = -2*p + 3. Let d = -68 - -71. Suppose d*b + 3*h - 18 = -0*h, -10 = -b - 5*h. Calculate o(b).
-7
Let c(x) = 5*x**3 + 3*x + 2. Let r be (1 - 6/(-18))*21/(-28). Calculate c(r).
-6
Let w(o) = 3*o**2 + 4*o**2 - 9*o**2. Let d(u) = -u**3 + 11*u**2 + u - 8. Let s be d(11). Calculate w(s).
-18
Let y(i) = 4*i**2 + 11*i + 30. Let k(j) = 8*j**2 + 24*j + 65. Let d(v) = 6*k(v) - 13*y(v). Give d(-1).
-5
Let j(s) = 4*s + 8. Let k be 1/7 - (-660)/84. What is j(k)?
40
Let x(u) = 5*u**2 + 3*u - 5 - 2 - 4*u**2 - 4*u. Let d be x(3). Let p(c) = -10*c - 1. Determine p(d).
9
Let j(x) = x - 1. Suppose 5*l + v = -28, -10*l - 4 = -9*l + v. Determine j(l).
-7
Let c(v) = 2*v + 6. Let l(o) = 3*o + 5. Let w(m) = -4*c(m) + 3*l(m). Let s be w(11). Let n(d) = -2*d - s*d + 5*d. Determine n(-5).
-5
Let n(x) = -x**3 - x**2 + 2*x - 9. Let u be n(0). Let p be 22/(-3) + ((-24)/u)/8. Let h(f) = -f**2 - 5*f + 8. What is h(p)?
-6
Let s = -80 + 83. Suppose 0 = s*h - 6 - 6, 2*h = -3*p + 20. Let k(z) = 2*z - 6. Give k(p).
2
Suppose -4*y + 4 = -4. Suppose 32 = 6*v - y*v. Suppose 3*g + v = -g. Let j(a) = -2*a**3 - 2*a**2 + 2*a + 3. Determine j(g).
7
Let p(y) = -y - 9. Let f(l) be the third derivative of l**3/6 - 2*l**2. Let c = -87 - -86. Let q(s) = c*p(s) + 5*f(s). What is q(-6)?
8
Let u(k) = k**2. Let b(s) be the third derivative of s**4/24 - 3*s**3/2 + 19*s**2. Let v be b(6). Determine u(v).
9
Let v(b) be the second derivative of b**8/6720 + b**7/1260 + b**6/720 - b**5/60 - 19*b**4/12 + 17*b. Let t(m) be the third derivative of v(m). Determine t(-2).
-4
Let g(o) = o**2 + 5*o - 2. Let h = 51 - 36. Suppose -3*c = -8*c + h. Su